{"id":1377460,"date":"2024-04-19T11:41:23","date_gmt":"2024-04-19T09:41:23","guid":{"rendered":"https:\/\/clinect.pl\/?page_id=1377460"},"modified":"2024-04-19T11:41:24","modified_gmt":"2024-04-19T09:41:24","slug":"zwroty","status":"publish","type":"page","link":"https:\/\/clinect.pl\/index.php\/zwroty\/","title":{"rendered":"Zwroty"},"content":{"rendered":"\n<p><strong>Zwroty i reklamacje<\/strong><\/p>\n\n\n\n<p><strong>Reklamacja i gwarancja<\/strong><\/p>\n\n\n\n<p>Umow\u0105 Sprzeda\u017cy obj\u0119te s\u0105 nowe Produkty.<\/p>\n\n\n\n<p>Sprzedawca jest obowi\u0105zany dostarczy\u0107 Klientowi rzecz woln\u0105 od wad.<\/p>\n\n\n\n<p>W przypadku wyst\u0105pienia wady zakupionego u Sprzedawcy towaru Klient ma prawo do reklamacji w oparciu o przepisy dotycz\u0105ce r\u0119kojmi w kodeksie cywilnym. Je\u017celi Klientem jest Przedsi\u0119biorca, strony wy\u0142\u0105czaj\u0105 odpowiedzialno\u015b\u0107 z tytu\u0142u r\u0119kojmi.<\/p>\n\n\n\n<p>Reklamacj\u0119 nale\u017cy zg\u0142osi\u0107 pisemnie lub drog\u0105 elektroniczn\u0105 na podane w niniejszym Regulaminie adresy Sprzedawcy.<\/p>\n\n\n\n<p>Clinect Polska Sp. z o.o<\/p>\n\n\n\n<p>Ty\u015bmienica 240&nbsp;&nbsp;&nbsp;<\/p>\n\n\n\n<p>21-200 Parczew<\/p>\n\n\n\n<p>e-mail:&nbsp;<a href=\"mailto:s.kostjan@clinect.pl\">s.kostjan@clinect.pl<\/a><\/p>\n\n\n\n<p>Zaleca si\u0119, aby w reklamacji zawrze\u0107 m.in. zwi\u0119z\u0142y opis wady, okoliczno\u015bci (w tym dat\u0119) jej wyst\u0105pienia, dane Klienta sk\u0142adaj\u0105cego reklamacj\u0119, oraz \u017c\u0105danie Klienta w zwi\u0105zku z wad\u0105 towaru.<\/p>\n\n\n\n<p>Sprzedawca ustosunkuje si\u0119 do \u017c\u0105dania reklamacyjnego niezw\u0142ocznie, nie p\u00f3\u017aniej ni\u017c w terminie 14 dni, a je\u015bli nie zrobi tego w tym terminie, uwa\u017ca si\u0119, \u017ce \u017c\u0105danie Klienta uzna\u0142 za uzasadnione.<\/p>\n\n\n\n<p>Towary odsy\u0142ane w ramach procedury reklamacyjnej nale\u017cy wysy\u0142a\u0107 na adres podany w \u00a7 3 Regulaminu sklepu.<\/p>\n\n\n\n<p>W przypadku, gdy na Produkt zosta\u0142a udzielona gwarancja, informacja o niej, a tak\u017ce jej tre\u015b\u0107, b\u0119d\u0105 zawarte przy opisie Produktu w Sklepie.<\/p>\n","protected":false},"excerpt":{"rendered":"<p>Zwroty i reklamacje Reklamacja i gwarancja Umow\u0105 Sprzeda\u017cy obj\u0119te s\u0105 nowe Produkty. Sprzedawca jest obowi\u0105zany dostarczy\u0107 Klientowi rzecz woln\u0105 od wad. W przypadku wyst\u0105pienia wady zakupionego u Sprzedawcy towaru Klient ma prawo do reklamacji w oparciu o przepisy dotycz\u0105ce r\u0119kojmi w kodeksie cywilnym. Je\u017celi Klientem jest Przedsi\u0119biorca, strony wy\u0142\u0105czaj\u0105 odpowiedzialno\u015b\u0107 z tytu\u0142u r\u0119kojmi. Reklamacj\u0119 nale\u017cy [&hellip;]<\/p>\n","protected":false},"author":2,"featured_media":0,"parent":0,"menu_order":0,"comment_status":"closed","ping_status":"closed","template":"","meta":{"_et_pb_use_builder":"off","_et_pb_old_content":"","_et_gb_content_width":"","footnotes":""},"class_list":["post-1377460","page","type-page","status-publish","hentry"],"_links":{"self":[{"href":"https:\/\/clinect.pl\/index.php\/wp-json\/wp\/v2\/pages\/1377460","targetHints":{"allow":["GET"]}}],"collection":[{"href":"https:\/\/clinect.pl\/index.php\/wp-json\/wp\/v2\/pages"}],"about":[{"href":"https:\/\/clinect.pl\/index.php\/wp-json\/wp\/v2\/types\/page"}],"author":[{"embeddable":true,"href":"https:\/\/clinect.pl\/index.php\/wp-json\/wp\/v2\/users\/2"}],"replies":[{"embeddable":true,"href":"https:\/\/clinect.pl\/index.php\/wp-json\/wp\/v2\/comments?post=1377460"}],"version-history":[{"count":1,"href":"https:\/\/clinect.pl\/index.php\/wp-json\/wp\/v2\/pages\/1377460\/revisions"}],"predecessor-version":[{"id":1377469,"href":"https:\/\/clinect.pl\/index.php\/wp-json\/wp\/v2\/pages\/1377460\/revisions\/1377469"}],"wp:attachment":[{"href":"https:\/\/clinect.pl\/index.php\/wp-json\/wp\/v2\/media?parent=1377460"}],"curies":[{"name":"wp","href":"https:\/\/api.w.org\/{rel}","templated":true}]}}