{"id":1377423,"date":"2024-04-18T20:53:58","date_gmt":"2024-04-18T18:53:58","guid":{"rendered":"https:\/\/clinect.pl\/?post_type=product&#038;p=1377423"},"modified":"2025-04-27T16:01:27","modified_gmt":"2025-04-27T14:01:27","slug":"clinect-copper-tripeptide-1-multi-peptide-odmladzajacy-toner-do-twarzy","status":"publish","type":"product","link":"https:\/\/clinect.pl\/index.php\/produkt\/clinect-copper-tripeptide-1-multi-peptide-odmladzajacy-toner-do-twarzy\/","title":{"rendered":"Odm\u0142adzaj\u0105cy Nawil\u017caj\u0105cy Tonik z Tripeptydem Miedzi-1 i Wielopeptydami"},"content":{"rendered":"<h4><strong>Odm\u0142adzaj\u0105cy Nawil\u017caj\u0105cy Tonik z Tripeptydem Miedzi-1 i Wielopeptydami<\/strong><\/h4>\n<p><strong>TWOJA SK\u00d3RA JEST ODWODNIONA I ZM\u0118CZONA? O\u017bYW J\u0104 W KILKA SEKUND<\/strong><br \/>\nJe\u015bli marzysz o sk\u00f3rze pe\u0142nej blasku, j\u0119drno\u015bci i doskona\u0142ego nawil\u017cenia,<br \/>\nten tonik stanie si\u0119 Twoim ulubionym krokiem w piel\u0119gnacji. Clinect<br \/>\nOdm\u0142adzaj\u0105cy Nawil\u017caj\u0105cy Tonik z Tripeptydem Miedzi-1 i<br \/>\nWielopeptydami \u0142\u0105czy intensywne nawil\u017cenie z w\u0142a\u015bciwo\u015bciami<br \/>\nprzeciwstarzeniowymi, przywracaj\u0105c sk\u00f3rze m\u0142odzie\u0144czy wygl\u0105d ju\u017c od<br \/>\npierwszego u\u017cycia.<br \/>\n<strong>EFEKT? PROMIENNA, NAWIL\u017bONA I PE\u0141NA \u017bYCIA SK\u00d3RA, GOTOWA<\/strong><br \/>\n<strong>NA KA\u017bDY DZIE\u0143.<\/strong><\/p>\n<p><strong>KORZY\u015aCI<\/strong><\/p>\n<p><strong>NAWIL\u017bENIE, KT\u00d3RE CZUJESZ NATYCHMIAST<\/strong><br \/>\nDzi\u0119ki zawarto\u015bci Hialuronianu Sodu i Hydrolizowanego Hialuronianu Sodu tonik<br \/>\nb\u0142yskawicznie wnika w sk\u00f3r\u0119, intensywnie j\u0105 nawil\u017caj\u0105c i zmi\u0119kczaj\u0105c. Po jego zastosowaniu<br \/>\nsk\u00f3ra jest j\u0119drna, elastyczna i pe\u0142na \u015bwie\u017co\u015bci.<\/p>\n<p><strong>IDEALNA BAZA DLA DALSZEJ PIEL\u0118GNACJI<\/strong><br \/>\nFormu\u0142a toniku nie tylko nawil\u017ca, ale tak\u017ce przygotowuje sk\u00f3r\u0119 do absorpcji kolejnych<br \/>\nsk\u0142adnik\u00f3w aktywnych. Dzi\u0119ki temu serum, kremy i maseczki wch\u0142aniaj\u0105 si\u0119 g\u0142\u0119biej, a ich<br \/>\ndzia\u0142anie jest jeszcze skuteczniejsze.<\/p>\n<p><strong>ODM\u0141ODZENIE I REGENERACJA W JEDNYM KROKU<\/strong><br \/>\nDzi\u0119ki zawarto\u015bci Tripeptydu Miedzi-1, Karnozyny i Oligopeptydu-1 tonik nie tylko nawil\u017ca, ale<br \/>\ntak\u017ce dzia\u0142a przeciwstarzeniowo, wspomagaj\u0105c regeneracj\u0119 sk\u00f3ry, poprawiaj\u0105c jej<br \/>\nelastyczno\u015b\u0107 i redukuj\u0105c oznaki zm\u0119czenia.<\/p>\n<p><strong>ULTRALEKKA KONSYSTENCJA \u2013 ZERO OBCI\u0104\u017bENIA<\/strong><br \/>\nNiet\u0142usta, od\u015bwie\u017caj\u0105ca formu\u0142a natychmiast si\u0119 wch\u0142ania, nie pozostawiaj\u0105c uczucia lepko\u015bci<br \/>\nani t\u0142ustego filmu. Idealna do stosowania rano i wieczorem, zar\u00f3wno solo, jak i jako baza pod<br \/>\nmaski w p\u0142achcie.<\/p>\n<p><strong>G\u0141\u00d3WNE SK\u0141ADNIKI AKTYWNE<\/strong><\/p>\n<ul>\n<li>Tripeptyd Miedzi-1<\/li>\n<li>Karnozyna<\/li>\n<li>Oligopeptyd-1<\/li>\n<li>Hydroxypropyl Tetrahydropyrantriol<\/li>\n<li>3% opatentowany Leucidal\u00ae Lactobacillus<\/li>\n<li>Hialuronian sodu + Hydrolizowany hialuronian sodu<\/li>\n<li>Dipotassium Glycyrrhizate<\/li>\n<\/ul>\n","protected":false},"excerpt":{"rendered":"<p>INCI\uff1aAQUA, PROPYLENE GLYCOL, BUTYLENE GLYCOL, LEUCONOSTOC\/RADISH ROOT FERMENT FILTRATE, PENTYLENE GLYCOL, TREHALOSE, DIPOTASSIUM GLYCYRRHIZATE, HYDROLYZED SODIUM HYALURONATE, TRIETHANOLAMINE, PROPANEDIOL, SODIUM HYALURONATE, SALIX ALBA (WILLOW) BARK EXTRACT, HYDROXYPROPYL TETRAHYDROPYRANTRIOL, CARNOSINE, 1,2-HEXANEDIOL, COPPER TRIPEPTIDE-1, OLIGOPEPTIDE-1.<\/p>\n","protected":false},"featured_media":1377184,"comment_status":"open","ping_status":"closed","template":"","meta":{"_et_pb_use_builder":"","_et_pb_old_content":"","_et_gb_content_width":""},"product_cat":[15],"product_tag":[],"class_list":{"0":"post-1377423","1":"product","2":"type-product","3":"status-publish","4":"has-post-thumbnail","6":"product_cat-bez-kategorii","8":"first","9":"instock","10":"shipping-taxable","11":"purchasable","12":"product-type-simple"},"_links":{"self":[{"href":"https:\/\/clinect.pl\/index.php\/wp-json\/wp\/v2\/product\/1377423","targetHints":{"allow":["GET"]}}],"collection":[{"href":"https:\/\/clinect.pl\/index.php\/wp-json\/wp\/v2\/product"}],"about":[{"href":"https:\/\/clinect.pl\/index.php\/wp-json\/wp\/v2\/types\/product"}],"replies":[{"embeddable":true,"href":"https:\/\/clinect.pl\/index.php\/wp-json\/wp\/v2\/comments?post=1377423"}],"wp:featuredmedia":[{"embeddable":true,"href":"https:\/\/clinect.pl\/index.php\/wp-json\/wp\/v2\/media\/1377184"}],"wp:attachment":[{"href":"https:\/\/clinect.pl\/index.php\/wp-json\/wp\/v2\/media?parent=1377423"}],"wp:term":[{"taxonomy":"product_cat","embeddable":true,"href":"https:\/\/clinect.pl\/index.php\/wp-json\/wp\/v2\/product_cat?post=1377423"},{"taxonomy":"product_tag","embeddable":true,"href":"https:\/\/clinect.pl\/index.php\/wp-json\/wp\/v2\/product_tag?post=1377423"}],"curies":[{"name":"wp","href":"https:\/\/api.w.org\/{rel}","templated":true}]}}